of 37644?
False
Is 28520 a multiple of 115?
True
Is 2528 a multiple of 32?
True
Is 248 a factor of 14186?
False
Is 25 a factor of 150?
True
Is 14 a factor of 6972?
True
Is 30799 a multiple of 32?
False
Does 20 divide 940?
True
Is 17 a factor of 247?
False
Is 4 a factor of 10?
False
Is 2052 a multiple of 18?
True
Is 256 a multiple of 16?
True
Is 118 a multiple of 11?
False
Is 3778 a multiple of 33?
False
Is 27 a factor of 432?
True
Is 9460 a multiple of 31?
False
Is 1260 a multiple of 10?
True
Is 18879 a multiple of 136?
False
Is 362 a multiple of 8?
False
Is 52 a factor of 2028?
True
Is 247 a factor of 51129?
True
Is 35 a factor of 1699?
False
Is 27 a factor of 617?
False
Does 10 divide 950?
True
Is 142 a multiple of 39?
False
Is 2982 a multiple of 8?
False
Is 47 a factor of 3901?
True
Is 5974 a multiple of 58?
True
Does 3 divide 1487?
False
Does 3 divide 216?
True
Is 66 a multiple of 8?
False
Is 4 a factor of 423?
False
Does 38 divide 1776?
False
Is 1392 a multiple of 29?
True
Is 286 a multiple of 6?
False
Is 11 a factor of 1599?
False
Does 18 divide 8874?
True
Is 96 a factor of 6336?
True
Does 28 divide 2183?
False
Is 8 a factor of 1615?
False
Is 2329 a multiple of 93?
False
Is 64 a factor of 10560?
True
Is 7830 a multiple of 135?
True
Is 36792 a multiple of 84?
True
Does 10 divide 201?
False
Is 42 a factor of 15078?
True
Is 2898 a multiple of 12?
False
Is 2102 a multiple of 116?
False
Does 10 divide 5020?
True
Is 13 a factor of 37887?
False
Is 111 a factor of 592?
False
Is 73 a factor of 949?
True
Does 134 divide 22693?
False
Is 6221 a multiple of 8?
False
Does 37 divide 11655?
True
Is 3793 a multiple of 45?
False
Is 2870 a multiple of 14?
True
Is 159 a factor of 138012?
True
Is 7 a factor of 4991?
True
Is 5 a factor of 35674?
False
Is 13 a factor of 936?
True
Is 18 a factor of 18162?
True
Does 91 divide 73960?
False
Does 14 divide 6692?
True
Does 10 divide 220?
True
Does 14 divide 646?
False
Is 2054 a multiple of 26?
True
Is 10 a factor of 1940?
True
Is 26280 a multiple of 9?
True
Is 10948 a multiple of 68?
True
Is 8 a factor of 423?
False
Is 11 a factor of 8405?
False
Is 3331 a multiple of 10?
False
Does 50 divide 60445?
False
Does 24 divide 3728?
False
Is 162 a factor of 10523?
False
Is 20 a factor of 28349?
False
Is 20 a factor of 80248?
False
Is 10725 a multiple of 33?
True
Is 3 a factor of 700?
False
Does 16 divide 316?
False
Does 14 divide 24128?
False
Is 109631 a multiple of 82?
False
Is 5 a factor of 414?
False
Is 118 a factor of 2954?
False
Is 780 even?
True
Is 70 a multiple of 3?
False
Does 8 divide 304?
True
Is 49721 a multiple of 35?
False
Does 14 divide 854?
True
Does 6 divide 4392?
True
Is 59 a factor of 22597?
True
Does 8 divide 2118?
False
Is 73 a factor of 949?
True
Does 72 divide 9000?
True
Is 33 a factor of 23689?
False
Is 423 a multiple of 9?
True
Is 856 a multiple of 8?
True
Is 53 a factor of 877?
False
Is 15 a factor of 7429?
False
Does 7 divide 6467?
False
Is 31 a factor of 8996?
False
Does 47 divide 2239?
False
Is 18 a factor of 7243?
False
Does 47 divide 14840?
False
Is 3169 a multiple of 18?
False
Does 45 divide 7470?
True
Is 46720 a multiple of 18?
False
Is 4227 a multiple of 70?
False
Does 115 divide 8625?
True
Does 19 divide 3401?
True
Is 30 a factor of 540?
True
Does 11 divide 29985?
False
Is 34830 a multiple of 135?
True
Is 399 a multiple of 4?
False
Is 238 a factor of 17659?
False
Is 44 a factor of 198?
False
Does 44 divide 25344?
True
Is 26 a factor of 30106?
False
Is 2916 a multiple of 54?
True
Does 49 divide 16823?
False
Does 5 divide 450?
True
Is 59 a factor of 301?
False
Is 16472 a multiple of 142?
True
Does 90 divide 1289?
False
Is 857 a multiple of 5?
False
Does 18 divide 378?
True
Is 15771 a multiple of 21?
True
Is 6 a factor of 462?
True
Is 14 a factor of 2483?
False
Does 69 divide 2691?
True
Does 14 divide 1772?
False
Is 319 a multiple of 20?
False
Is 1683 a multiple of 11?
True
Does 5 divide 4125?
True
Does 14 divide 8246?
True
Is 42330 a multiple of 166?
True
Does 5 divide 1250?
True
Is 9680 a multiple of 110?
True
Is 22 a factor of 61382?
False
Is 32 a factor of 672?
True
Is 3348 a multiple of 93?
True
Does 3 divide 13858?
False
Is 11 a factor of 29226?
False
Is 7 a factor of 1679?
False
Is 28 a factor of 19885?
False
Does 31 divide 42811?
True
Is 3 a factor of 83?
False
Is 2 a factor of 533?
False
Is 1298 a multiple of 7?
False
Does 5 divide 1506?
False
Is 147 a factor of 7216?
False
Is 65 a factor of 1590?
False
Is 32 a factor of 1144?
False
Is 2457 a multiple of 7?
True
Does 79 divide 8495?
False
Is 74 a multiple of 37?
True
Is 15345 a multiple of 20?
False
Is 90 a multiple of 4?
False
Is 4 a factor of 21?
False
Is 16 a factor of 882?
False
Is 24 a factor of 32160?
True
Is 23392 a multiple of 68?
True
Does 4 divide 20?
True
Is 14 a factor of 1246?
True
Is 5930 a multiple of 110?
False
Does 58 divide 9292?
False
Is 797 a multiple of 33?
False
Is 77 a factor of 5428?
False
Is 2 a factor of 172?
True
Is 9599 a multiple of 24?
False
Is 5408 a multiple of 8?
True
Is 7 a factor of 194?
False
Is 2640 a multiple of 44?
True
Is 82 a factor of 3772?
True
Is 13440 a multiple of 48?
True
Does 20 divide 527?
False
Is 81 a factor of 729?
True
Is 12801 even?
False
Is 4 a factor of 7968?
True
Is 52 a factor of 780?
True
Is 246 a factor of 3486?
False
Is 5 a factor of 525?
True
Is 6574 a multiple of 38?
True
Is 2408 a multiple of 28?
True
Does 10 divide 16503?
False
Does 25 divide 750?
True
Is 2550 a multiple of 10?
True
Does 19 divide 443?
False
Is 33 a factor of 198?
True
Is 70 a factor of 14420?
True
Is 231 a multiple of 21?
True
Is 29 a factor of 3654?
True
Is 6886 a multiple of 22?
True
Is 467 a multiple of 52?
False
Is 35 a factor of 14859?
False
Does 4 divide 624?
True
Is 37943 a multiple of 19?
True
Is 1050 a multiple of 16?
False
Is 177 a factor of 14097?
False
Is 5 a factor of 935?
True
Is 41 a factor of 3649?
True
Is 63 a factor of 14741?
False
Is 608 a multiple of 31?
False
Is 26 a factor of 4472?
True
Is 162 a factor of 4076?
False
Does 29 divide 83281?
False
Is 639 a multiple of 4?
False
Does 9 divide 15084?
True
Is 80 a factor of 47120?
True
Does 72 divide 4591?
False
Does 252 divide 28224?
True
Is 20570 a multiple of 34?
True
Is 36 a factor of 3240?
True
Is 666 a multiple of 6?
True
Is 2680 a multiple of 8?
True
Does 14 divide 28069?
False
Is 651 a multiple of 3?
True
Is 30 a factor of 2470?
False
Is 17 a factor of 1954?
False
Is 1008 a multiple of 18?
True
Does 17 divide 3039?
False
Does 42 divide 2058?
True
Is 46749 a multiple of 42?
False
Is 16 a factor of 400?
True
Is 8944 a multiple of 8?
True
Does 29 divide 783?
True
Does 9 divide 2778?
False
Is 9845 a multiple of 179?
True
Is 64 a factor of 9152?
True
Is 15 a factor of 37650?
True
Does 22 divide 90772?
True
Is 29 a factor of 1828?
False
Is 73 a factor of 949?
True
Is 407 a multiple of 33?
False
Does 405 divide 142102?
False
Does 20 divide 700?
True
Is 2266 a multiple of 22?
True
Is 466 a multiple of 4?
False
Is 12 a factor of 1240?
False
Does 5 divide 472?
False
Is 24189 a multiple of 149?
False
Is 15 a factor of 9900?
True
Is 20 a factor of 324?
False
Is 27229 a multiple of 5?
False
Does 7 divide 12250?
True
Does 6 divide 708?
True
Is 13 a factor of 951?
False
Does 2 divide 18?
True
Is 8150 a multiple of 42?
False
Is 16641 a multiple of 201?
False
Does 16 divide 6256?
True
Does 118 divide 65239?
False
Is 11 a factor of 80?
False
Does 75 divide 2250?
True
Does 37 divide 17863?
False
Is 73948 a multiple of 19?
True
Is 3355 a multiple of 7?
False
Does 12 divide 1032?
True
Does 28 divide 32807?
False
Does 77 divide 17017?
True
Does 11 divide 385?
True
Does 14 divide 30708?
False
Is 15 a factor of 1053?
False
Is 1364 a multiple of 22?
True
Does 40 divide 2089?
False
Is 4780 a multiple of 239?
True
Does 31 divide 1855?
False
Is 11 a factor of 2995?
False
Is 432 a multiple of 10?
False
Is 54540 a multiple of 6?
True
Is 1424 a multiple of 40?
False
Is 128 a factor of 25088?
True
Is 34 a factor of 13498?
True
Is 36 a factor of 1045?
False
Is 962 a multiple of 26?
True
Is 46 a factor of 878?
False
Is 7280 a multiple of 16?
True
Does 17 divide 14654?
True
Does 5 divide 163?
False
Does 228 divide 36936?
True
Does 12 divide 7057?
False
Does 20